. Suppose -f + 4*f - 81 = 0. Suppose 2*u = -u + f. Calculate the highest common factor of u and j.
9
Let k(p) = -8*p**2 - 4*p + 3. Let x be k(3). Let w be 12/54 - (-460)/36. Let r be (-4 - -1) + (w - x). What is the greatest common divisor of r and 13?
13
Suppose 5*b - v - 93 = -3*v, -5*b = 3*v - 92. Let a = 22 - b. Calculate the greatest common divisor of a and 18.
3
Let z be (6/(-12))/((-2 + -1)/162). What is the highest common divisor of z and 72?
9
Suppose -3*f = -8*f + 455. Let q = -12 + 25. What is the highest common factor of q and f?
13
Let l be (-4 - 32)*(-3)/2. Let m = 28 + -10. Suppose -4*y = 12, 0*j - 2*y + m = 4*j. Calculate the greatest common factor of l and j.
6
Suppose -3*v - 177 = 117. Let i be (2 - 2 - v) + -2. Let j(x) = -x**3 - 10*x**2 + 2*x + 32. Let k be j(-10). What is the highest common factor of i and k?
12
Suppose 4*g + 2*r - 300 = 0, r - 2 = -0. Let c = -18 + g. What is the greatest common divisor of c and 42?
14
Suppose -18*g + 117 = -5*g. What is the highest common divisor of g and 2?
1
Suppose 175*o - 184*o = -45. Calculate the greatest common divisor of 95 and o.
5
Suppose -3*f - 30 = 3*m, 0 = 6*m - 4*m + 5*f + 32. Let h be 0 - (m - -2 - -1). Suppose 0 = -2*p + h*p - 63. Calculate the highest common divisor of p and 42.
21
Suppose 15*v + 161 = 1046. What is the greatest common factor of 767 and v?
59
Let p(c) = c**3 - 2*c**2 + c - 5. Let q be p(5). Suppose 5*l - 515 = -q. Calculate the greatest common divisor of 11 and l.
11
Let a(u) = -2*u + 15. Let i be a(5). Suppose -i*x + 10*x = 80. Calculate the greatest common divisor of x and 160.
16
Let u be ((-1)/2)/(15/150). Let m = u + 33. Let h = 37 - m. What is the highest common factor of h and 9?
9
Let c(m) = -m**3 - 4*m**2 - 2*m + 1. Let s be c(-2). Let f be (0 - s) + 1 + 66. Calculate the greatest common factor of 10 and f.
10
Let v(o) = -3*o + 2. Let u = 58 + -65. Let x be v(u). What is the highest common divisor of 184 and x?
23
Let i(z) = z**3 - 6*z**2 + 34*z - 97. Let u be i(5). Suppose r + 32 = 3*r. What is the highest common divisor of u and r?
16
Suppose 0 = 4*v + 9 - 25. Suppose -v*x + 15 = -x. Suppose -11618*i - 9 = -11627*i. Calculate the highest common divisor of x and i.
1
Let u = 43 + -84. Let d = u + 57. What is the highest common divisor of 144 and d?
16
Let y = -170 + 198. What is the greatest common factor of y and 4?
4
Suppose -z - 24 = -2*z. Let p = 303 + -285. What is the highest common factor of p and z?
6
Let v = -1501 - -1589. Calculate the highest common factor of v and 77.
11
Let y(u) = 14*u - 75. Let j be y(9). What is the highest common factor of 85 and j?
17
Let x(r) = -10*r. Let l be x(-4). Suppose 2*f = -5*p + 8*p + 400, 600 = 3*f - 10*p. Calculate the highest common factor of l and f.
40
Let j be 15 - (-1 + -2) - -2. Calculate the highest common divisor of j and 90.
10
Let r be (12/(-9))/((-6)/279). Calculate the greatest common divisor of r and 62.
62
Let m(z) = -2*z. Let c be m(-2). Suppose 2 + 34 = c*f. Let g be 4 - (-3)/(9/69). What is the greatest common factor of f and g?
9
Let c = 143 - 37. What is the highest common divisor of c and 159?
53
Let p(z) = -z**3 + 19*z**2 - 6*z - 63. Let u be p(17). What is the highest common factor of 7 and u?
7
Let a(p) = p + 11. Let g be a(-9). Let q be 14*3/6 + g. Let l be 2/q - (-237)/27. Calculate the greatest common factor of 81 and l.
9
Suppose 4*p = -4*z - p + 11, 3*z = -p + 11. Let i = -74 - -239. Suppose 0*w - 3*w + 9 = 0, 5*w + i = 5*a. What is the greatest common factor of a and z?
4
Suppose 0 = 4*s - 0*u + u - 40, 3*u = 4*s - 24. What is the greatest common factor of s and 63?
9
Let r be 1*(2 - -605 - (4 + -8)). What is the highest common factor of 47 and r?
47
Suppose 3*h + 80 = -5*g, g = 4*h + h + 124. Let d = 7 - h. What is the greatest common divisor of 4 and d?
4
Suppose -2*n + 32 = 2*n. Let l = 5 + n. Suppose -2*j + 6*j - 156 = 0. Calculate the greatest common factor of j and l.
13
Suppose 17*u + 4459 = 30*u. Calculate the highest common factor of u and 7.
7
Let t(q) be the second derivative of q**3/6 - 4*q**2 - 6*q. Let u be t(8). Let v = u - -26. What is the greatest common factor of v and 65?
13
Let m = -437 - -613. Let p be (-12100)/825*1/2*-3. What is the highest common factor of p and m?
22
Suppose 4*a - 195 = -59. Suppose -4*y + 24 = 2*r - 4, 4*y + 5*r = a. Let g(n) = n**2 - 5*n + 4. Let f be g(y). Calculate the highest common divisor of 70 and f.
10
Suppose -38 = -z - 0*z. Let h(s) = 12*s**3 - 3*s - 2. Let n be h(2). Let c = n - z. Calculate the highest common divisor of c and 20.
10
Let q be -4 + (15*4)/5. Suppose 0 = -q*d + 6*d + 42. Calculate the highest common factor of 3 and d.
3
Suppose 0 = 4*d - 5*y - 177, -3*d + 5*y = y - 132. Calculate the highest common divisor of 128 and d.
16
Suppose 52 - 239 = -11*q. Suppose -x + q = -9. Calculate the highest common factor of 13 and x.
13
Suppose 34 = t + 4*h, 0 = -3*t - h - 4*h + 67. What is the highest common divisor of t and 42?
14
Let b = -9 - -51. Let y(j) = j + 10. Let u be y(-7). Suppose -z + 7 = u*a, -4*z + 3*a - a = -b. Calculate the highest common divisor of 70 and z.
10
Let m = 3764 - 3181. Calculate the greatest common factor of 44 and m.
11
Suppose 3*n = n + 4. Calculate the highest common divisor of 56 and n.
2
Let x be ((-1)/2*7)/((-7)/406). Calculate the highest common divisor of 21 and x.
7
Let v(a) = 4*a**3 + 42*a**2 + 31*a + 121. Let h be v(-10). Suppose 0*d = 2*d - 22. What is the highest common divisor of d and h?
11
Let p be ((66/9)/(-2))/((-25)/975). Calculate the greatest common factor of 2288 and p.
143
Let n(p) = p**2 + 5*p - 9. Let g be n(-7). Suppose 0 = -w - g*t + 40, t + 1 - 4 = 0. What is the greatest common factor of w and 100?
25
Let m(x) = 3*x + 7. Let o be m(3). Let c be ((-30)/4)/(-3) + (-8)/o. Calculate the greatest common divisor of 32 and c.
2
Let q be ((-98)/(-4))/(2/4). Let r be 1/4 + 27/4. Calculate the highest common divisor of q and r.
7
Let i be (-1 + 3/15)*-5. Let g be (-60)/(-48) + 10/(-8). Suppose i*f - 21 - 23 = g. What is the highest common factor of 121 and f?
11
Let k be 10/5 - (3 - 2). Let g be ((-1)/3)/(k/(-30)). Let q be (32/g)/(2/5). Calculate the greatest common factor of 56 and q.
8
Let n be 27/18*(4 + -2). Suppose n + 14 = j. Let c(f) = 47*f - 1. Let b be c(4). Calculate the highest common factor of j and b.
17
Let p = 39 - 12. Calculate the greatest common divisor of p and 108.
27
Let h(t) = t**3 - 5*t**2 + 15*t + 5. Let u be h(5). Suppose 3*z - 163 = z - m, -z + u = -m. Calculate the greatest common divisor of 9 and z.
9
Suppose 0 = -4*f - 5*a - 807, 5*f - 2*f + 604 = -5*a. Let k = -1 + 2. Let u be (f/14)/(k/(-2)). Calculate the highest common divisor of 116 and u.
29
Suppose 16*y = 18*y + 2*h - 58, 5*y - 145 = -4*h. What is the greatest common divisor of y and 232?
29
Suppose 8*w + 4*d - 84 = 6*w, w - 2*d = 54. What is the greatest common factor of w and 234?
6
Let j(y) = 16*y**2 - y - 1. Let q = 11 + -8. Let s be j(q). What is the greatest common divisor of 28 and s?
28
Suppose -3*h = -4*h + 135. Calculate the highest common divisor of h and 27.
27
Let w be (-12)/15*(-75)/6 - 4. Suppose -4*a + 2*a - w = 0, 5*a = -f + 39. What is the highest common divisor of 9 and f?
9
Suppose 0 = -m + i + 9 + 4, 15 = -3*i. Let w be (-6)/m + 655/20. What is the greatest common factor of w and 128?
32
Let n be (2/(-4))/(((-310)/600)/31). What is the greatest common factor of n and 285?
15
Suppose 9*z = 27*z - 11988. What is the greatest common factor of 18 and z?
18
Suppose -4*x = -3*y - 171, -3*x - 2*y + 3*y = -122. Let v be (5 - (0 - -3)) + (-78 - 4). Let s = -67 - v. Calculate the greatest common divisor of x and s.
13
Let t be (-8)/12 + (-64)/(-6). Let q = t - -6. Let j(v) = v + 6. Let y be j(2). What is the highest common divisor of y and q?
8
Suppose 0 = o + 2*o. Let q(i) be the second derivative of i**4/12 + 13*i**2/2 + 75*i. Let s be q(o). Calculate the greatest common divisor of s and 104.
13
Suppose 63*p - 28 - 98 = 0. Let k = 7 + -2. Calculate the highest common divisor of k and p.
1
Let w(s) = 2*s**2 + 2. Let l be w(-6). Calculate the greatest common divisor of l and 518.
74
Suppose 3*q + 12 = 135. What is the highest common factor of 1517 and q?
41
Let x = -56